{"id":910,"date":"2021-07-28T20:37:33","date_gmt":"2021-07-28T23:37:33","guid":{"rendered":"https:\/\/ispmacia-ers.infd.edu.ar\/sitio\/?page_id=910"},"modified":"2022-11-07T20:43:06","modified_gmt":"2022-11-07T23:43:06","slug":"plan-de-estudios-tecnicatura","status":"publish","type":"page","link":"https:\/\/ispmacia-ers.infd.edu.ar\/sitio\/plan-de-estudios-tecnicatura\/","title":{"rendered":"Plan de Estudios Tecnicatura"},"content":{"rendered":"\n<p><\/p>\n\n\n\n<figure class=\"wp-block-image size-large\"><img decoding=\"async\" loading=\"lazy\" width=\"549\" height=\"704\" src=\"https:\/\/ispmacia-ers.infd.edu.ar\/sitio\/wp-content\/uploads\/2022\/11\/plan-tecnicatura.jpg\" alt=\"\" class=\"wp-image-1040\"\/><\/figure>\n\n\n\n<p>Haga clic\u00a0<a rel=\"noreferrer noopener\" href=\"https:\/\/drive.google.com\/file\/d\/1HH3lg7o_HJeVWxdd7_300UAQ32gizBKr\/view?usp=sharing\" target=\"_blank\">aqu\u00ed<\/a>\u00a0para descargar el dise\u00f1o curricular seg\u00fan Resoluci\u00f3n 0903\/15 del Consejo General de Educaci\u00f3n.<\/p>\n","protected":false},"excerpt":{"rendered":"<p>Haga clic\u00a0aqu\u00ed\u00a0para descargar el dise\u00f1o curricular seg\u00fan Resoluci\u00f3n 0903\/15 del Consejo General de Educaci\u00f3n.<\/p>\n","protected":false},"author":17,"featured_media":0,"parent":0,"menu_order":0,"comment_status":"closed","ping_status":"closed","template":"","meta":[],"acf":[],"_links":{"self":[{"href":"https:\/\/ispmacia-ers.infd.edu.ar\/sitio\/wp-json\/wp\/v2\/pages\/910"}],"collection":[{"href":"https:\/\/ispmacia-ers.infd.edu.ar\/sitio\/wp-json\/wp\/v2\/pages"}],"about":[{"href":"https:\/\/ispmacia-ers.infd.edu.ar\/sitio\/wp-json\/wp\/v2\/types\/page"}],"author":[{"embeddable":true,"href":"https:\/\/ispmacia-ers.infd.edu.ar\/sitio\/wp-json\/wp\/v2\/users\/17"}],"replies":[{"embeddable":true,"href":"https:\/\/ispmacia-ers.infd.edu.ar\/sitio\/wp-json\/wp\/v2\/comments?post=910"}],"version-history":[{"count":6,"href":"https:\/\/ispmacia-ers.infd.edu.ar\/sitio\/wp-json\/wp\/v2\/pages\/910\/revisions"}],"predecessor-version":[{"id":1041,"href":"https:\/\/ispmacia-ers.infd.edu.ar\/sitio\/wp-json\/wp\/v2\/pages\/910\/revisions\/1041"}],"wp:attachment":[{"href":"https:\/\/ispmacia-ers.infd.edu.ar\/sitio\/wp-json\/wp\/v2\/media?parent=910"}],"curies":[{"name":"wp","href":"https:\/\/api.w.org\/{rel}","templated":true}]}}